+ 10).
-14
What is (-1 + -8 - -5 - 4) + -6?
-14
What is 0 - ((-3 + 3 - -5) + -14 + 25)?
-16
What is the value of (9 - (12 + 7)) + 19?
9
Evaluate 11 + (10 - 8) + -5 + 1.
9
Evaluate -1 + -1 + (8 + -3 - (-15 - -6)).
12
Evaluate 1 - -14 - (-2 - (-4 + -2)).
11
What is (6 - -1 - (-1 + (3 - 5))) + -1?
9
Calculate -19 - (10 - (-10 - -30)).
-9
Evaluate (29 - (-6 + 2)) + (74 - 87).
20
Evaluate 3 + -13 + (2 + -6 - -5).
-9
Evaluate -65 + 29 + 25 + 7.
-4
What is -27 + 31 + -58 - -30?
-24
Evaluate 5 + (-5 - (5 + -6 - -4)) + 25.
22
What is -12 + 0 - -14 - 0?
2
What is the value of (-7 - (-9 - 10)) + 14 + -32 + -6?
-12
Evaluate -1 - 0 - 3 - (831 + -836).
1
What is -192 + 153 + (2 - -21)?
-16
Evaluate -1 + -4 + -5 + 12.
2
Evaluate -1 + -2 - (-24 + -32 - -60).
-7
What is the value of 33 + -27 - (-5 - -1 - -6)?
4
What is -10 + 26 - (-51 + 80)?
-13
What is 35 - (23 + (19 - 28))?
21
Evaluate 10 + -18 + 8 + (20 - 7).
13
(7 + 3 - (9 - 2)) + -7 - -7
3
Evaluate (-13 + 27 - 7) + -12 - (1 - -17).
-23
-7 - (-2 + 16 + (76 - 87) + 0)
-10
What is (8 - 12 - -31) + (9 - -3)?
39
-22 - -6 - 15 - -22
-9
Evaluate (5 - -4) + -6 - (0 - 2).
5
What is 25 + 8 + 15 + -35?
13
(19 - 4) + (17 - 16 - -4)
20
(3 + -3 - -3) + -5 + 28 - 6
20
Evaluate -21 - (-70 - (33 - 68)).
14
What is -5 + (2 - (4 + -3)) - -5 - -11?
12
-2 + 1 - (19 - ((-14 - -17) + 12))
-5
What is (9 + -15 + 1 + 12 - 0) + -13?
-6
What is the value of 10 - (-2 + (-8 - -7) - (19 - 13))?
19
42 - (23 - (-4 - 1))
14
What is (-13 - (-8 + (11 - 1))) + (3 - -1)?
-11
What is (3 - 0) + (2 - -12) + -3?
14
Calculate ((20 - 11) + -3 - 4) + (1 - 16).
-13
What is (9 - (-3 + (-1 - -6))) + -2 - 21?
-16
Calculate (168 - 166) + (2 - 0) + -1.
3
What is -123 - -149 - (-3 + 36)?
-7
What is the value of -34 + (27 - (-46 + 23))?
16
Evaluate 43 - (-14 + 11 - -28).
18
Evaluate (0 - (11 - 6)) + -4 + 2 + 19.
12
Calculate -1 - 1 - (-55 - -39) - (3 - -2).
9
(0 + -3 - (37 - 38)) + (-28 - -28)
-2
Calculate 11 + (6 - (1 + 9 - 0)).
7
Evaluate 36 - 14 - 32 - (0 + -2).
-8
What is (1 + -2 - -3) + (-52 + 123 - 67)?
6
Evaluate -20 + (-13 - -63) - (0 + 1 - -4).
25
Evaluate 1 + (5 + 1 - (35 - 5 - 14)).
-9
-8 - -1 - (40 - 28) - -3
-16
Calculate 68 - (62 + 23) - (4 + -3 + 2).
-20
What is 24 + (-14 - -26 - 23)?
13
Evaluate 19 - (20 - 3) - (-4 - 8).
14
Calculate 0 - (-2 + -3) - (2 + -5 - -8).
0
Evaluate -2 + (-3 - -8) + -4 + 4 - 1.
2
What is -20 + 0 + 318 + -304?
-6
Evaluate 20 + (7 - (15 - 2)).
14
What is -10 + -5 + (23 - (-10 - -2))?
16
What is the value of 30 + (-4 - ((10 - 1) + -4 + 1))?
20
Calculate (-26 - -34) + -9 + (6 - 1).
4
What is 9 - (61 + -63 - (-10 - -1) - 9)?
11
What is (1 - (-6 + 2 + 1)) + 8?
12
Calculate -23 + 10 + 1 + 5 + 29.
22
Evaluate 2 + -13 - (-11 - -14) - (-2 - 2).
-10
Evaluate 18 + (-4 - (2 - (1 + -1))).
12
What is -3 + (8 - (9 - 10))?
6
7 - ((2 - 4) + 7 - -5 - -5)
-8
What is 12 - (-16 - (-12 + -14))?
2
What is the value of -668 + 674 + (2 - -1) + -12?
-3
What is the value of 81 + -83 - (2 + -6 + 20)?
-18
-7 - 0 - (-6 + (10 - 27) + 17)
-1
What is the value of -7 - 3 - -3 - -5 - (-18 - 1)?
17
What is 2 + (1 - 9) + (19 - 22 - 3)?
-12
Calculate (-15 - (-2 - -1)) + 14.
0
Calculate -30 - (-19 - (-7 - -5)).
-13
What is -5 + (-10 - (-7 - 1)) - -13?
6
What is the value of 32 - (24 + (0 - 14)) - -10?
32
What is 14 + 11 + 6 + -15 + -3?
13
Calculate 8 - -1 - ((75 - 38) + (4 - 18)).
-14
What is -17 + (18 - 13) + -5 + 16?
-1
4 + 3 - (-5 - (-9 - 6))
-3
6 + (17 - 25) + -1 + 3 + 24
24
Evaluate 3 + -13 + (6 - (-26 + 27)).
-5
What is the value of 5 - (5 + -1 - (5 - 2) - 0)?
4
25 + (-19 + 15 - 11) + -13
-3
What is 2 + (-5 - 1) - (-315 - -314)?
-3
Evaluate -25 - (-53 + (-30 - -52)).
6
What is the value of ((20 - 9) + -1 - 6) + -20?
-16
Evaluate 1 - -1 - ((-1 - 1) + -8 - -9).
3
What is (32 + (-17 - (-1 + -6)) - 3) + -10?
9
What is (-2 - (-1 - -4)) + 8 + -5 + -9?
-11
-6 + (15 - (-4 - -22))
-9
What is 22 + -5 + (-17 - (-3 - 8))?
11
-2 + 2 + (-8 - -4 - (0 + 2))
-6
Evaluate (-9 - -5) + -5 + 17 + -1 + 4.
11
Calculate 175 + -188 + -1 + 7.
-7
-6 + (5 - ((2 - 4) + 4 - -2))
-5
-16 + -2 + (-18 - (-3 + -8))
-25
Calculate -9 - (-8 - -3) - (-2 - (5 - 3)).
0
What is -6 + 1 + 6 - 0 - -3?
4
What is the value of -20 + -27 - (-76 + 59)?
-30
Calculate -6 - 9 - (-3 + (-2 - -9) + -4).
-15
Calculate -2 - (3 + (-3 - -2) + (325 - 327)).
-2
Evaluate 1338 + -1355 + -1 + 8.
-10
Calculate (-2 - -6 - -1 - -9) + -13.
1
What is 0 + 1 - (359 - 371)?
13
-45 + 26 + -10 - -25
-4
What is -1 + -8 + -7 - (-3 - 5)?
-8
Evaluate (1887 - 1877) + (-1 - (-2 - 0 - 1)).
12
Calculate 21 - (39 + -29 + 9).
2
-30 + 4 + 40 + -22
-8
Calculate 7 - -1 - (-1 + 8 - (103 - 74)).
30
What is 19 - (-12 + 32 + -22)?
21
What is the value of -20 + (-12 - (10 - 17)) - -10?
-15
What is 35 - (26 - 16) - 2?
23
Calculate 5 + (-2 - (-7 - 2)) + -3.
9
What is the value of (2 - -3) + -4 + 7 + -1?
7
-4 + 6 + (0 - -8)
10
Evaluate -2 + -4 + 4 + -4 + (30 - 31).
-7
Evaluate (0 - 6 - 0) + -49 + 64.
9
Evaluate 2 + -11 - -13 - -3 - (4 - 24).
27
2 - (2 + -7 + -8)
15
-7 - ((7 - 6) + (13 - 1)) - -6
-14
What is the value of -388 + 405 - (0 + 25)?
-8
Evaluate -3754 - -3767 - (2 + 2 + -2 - 9).
20
What is -8 - (-5 + -2 + -9 + 2)?
6
Calculate 1 + 1 + (42 - 43 - (4 - 8)).
5
Calculate -67 + 53 + -40 + 29.
-25
What is -10 + (-2 - -2 - (-51 + 28))?
13
Calculate (-30 + 67 - 34) + 3.
6
Calculate (-18 - -24) + 5 + 0 + 2 - -9.
22
What is (-68 - -77 - (5 - -1)) + (-18 - -1)?
-14
What is -8 - (-15 - (0 + -13))?
-6
Evaluate 19 + -12 + 8 + -3 + -3 + 4.
13
What is the value of -17 - -4 - -12 - ((-20 - -2) + 4)?
13
-9 + 6 + -10 + -6 + 7
-12
What is 0 + -9 + 13 - ((3 - -3) + 0)?
-2
Calculate (-11 - -3) + (-70 - -94).
16
What is 3 + 1 + (-11 - -6) + 1?
0
Evaluate -7 + -2 + (3 + 3 - 11).
-14
Evaluate (-15 + 2 - (43 - 44)) + -1.
-13
(-6 - (12 - 7 - 11)) + 7 + -22
-15
What is -276 + 290 - (-2 + 1)?
15
-4 - -23 - 4 - (40 - 43)
18
What is -22 + -5 + (31 - 7 - 5) + -5?
-13
6 - ((6 + -16 - -6) + 7)
3
What is the value of (1 - 2 - -2) + 17 + -15 - 7?
-4
Evaluate 3 + -8 + 2 + 7.
4
What is -16 + (-1 - -7) + 6 + (2 - -7)?
5
8 + -10 + -2 + 16 + -16
-4
What is -1 + 6 + -2 + -1?
2
What is 0 + (0 - -23 - (23 + -17 + 3))?
14
Calculate ((1 - (-7 - -3)) + -11 - 2) + 5.
-3
What is 6 + -8 + (2 - 4) + (2 - 1)?
-3
Evaluate (6 - 11) + 8 - (4 + 22 + -1).
-22
Calculate -14 + 11 - -3 - (0 + -1) - 0.
1
-11 + (10 - 38) + 71
32
Calculate 1 - 2 - 1 - ((-39 - -28) + 12).
-3
What is 1 - (13 - -8) - (-9 + 0)?
-11
What is the value of (-216 - -222) + (0 - -4 - -1) + 3?
14
Calculate 9 - 5 - (21 + -6 + (-1 - -5)).
-15
Calculate 11 - (18 + -2) - (-6 + -2 - 2).
5
22 - -1 - (0 - -1) - (1506 + -1500)
16
Evaluate 0 + -7 + 4 - (-11 + 11 - 4).
1
What is the value of 1794 + -1822 + (1 - (-8 - 0))?
-19
Calculate -4 - (0 + 2) - (-31 + -5 + 23).
7
Evaluate -6 + 9 + 10 + -8.
5
What is the value of -13 + (-1 - (1 + -10))?
-5
Calculate -13 + 9 + -17 + 26 + 12.
17
What is (5 - (-3 + 2)) + (-2 - (5 - -9))?
-10
What is the value of -1 + (15 - 7 - 14) - -7?
0
What is the value of -6 - (-6 - (6 + -1)) - (-4 + 1)?
8
Evaluate (14 - (-2 - (3 + -7))) + (21 - 22).
11
What is the value of -9 - (-3 - -44 - 8 - (-17 + 21))?
-38
What is -45 - -14 - -38 - (0 + 2 + 1)?
4
Evaluate -32 - -30 - (-7 + 2).
3
-42 - (-15 + 7 + -26)
-8
What is 22 + (10 - 50) + 2 + 7?
-9
Calculate -16 - (13 + -12 - 11).
-6
Calculate 5 + (8 + -11 - -4) - -7.
13
What is the value of 13 + (2 - (-6 + 5 - 0) - 7)?
9
What is the value of 6 + -3 + (-11 - -6)?
-2
10 - (16 - 18 - -14)
-2
Calculate 34 + (20 - (-2 + 19) - -3).
40
Evaluate -21 + 23 - -3 - (-10 + 0).
15
What is (-2 + 20 - (70 - 58)) + 0?
6
What is 6 + -15 + (-8 - -16) + 4?
3
Evaluate 0 + -1 + -23 + 21 + 8.
5
6 - ((109 - 117) + 0 + 5 - -11)
-2
What is -3 + 9 - (13 - 1)?
-6
What is the value of (12 - -5) + -43 - 8?
-34
-17 + 1 + (-14 - -39 - 18)
-9
What is the value of -6 + 2 + 1 - (-24 + (66 - 41))?
-4
What is the value of (7 - 4) + 10 + -48 + 17?
-18
Calculate 8 - -2 - 11 - (4 - 4).
-1
-9 - (9 + (-1 - (-2 + 8 + 2)))
-9
What is the value of 5 + -4 + -8 + 37 - 12?
18
(-3 - 3) + (8 - (-5 - -6)) + -8
-7
Evaluate 3 - -1 - (36 - (20 + -2)).
-14
Evaluate (-2 - 10) + -20 + 12 + 13.
-7
Calculate 2 - (-3 - -9 - 8 - -5).
-1
What is the value of (24 + -43 - -23) + -3?
1
Calculate -11 + 4 - -2 - (2 - -7 - 15).
1